s of n.
3, 821
Suppose 0 = 4*u - 112 - 4. Suppose 3*t + u + 55 = 0. Let r = -2 - t. What are the prime factors of r?
2, 13
Let p(k) = -2*k**2 + 3*k + k**2 - 2 + k**3 + 0*k**2. Let v be p(2). Suppose -16 = 6*r - v*r. What are the prime factors of r?
2
Let p be 6/(-9)*(-18)/(-4). List the prime factors of ((-7)/6 - p/18) + 57.
2, 7
Let v be (-4 - -23)/(-3 - -2). Let x = v - -23. Suppose x*z + 4*m - 34 = 38, 4*m + 99 = 5*z. What are the prime factors of z?
19
Let x(k) be the third derivative of -k**5/30 + 41*k**4/24 - 8*k**3/3 - 46*k**2. What are the prime factors of x(19)?
41
Let t(m) = -38*m - 20. Let c be t(16). Let q = -443 - c. What are the prime factors of q?
5, 37
Suppose -w + 41 = 25. What are the prime factors of w?
2
Let d = 850 - 526. Suppose -5*w + w + d = 0. What are the prime factors of w?
3
Let d(t) = 70*t**2 + 37*t + 199. What are the prime factors of d(-6)?
11, 227
Let v be (-7 - -1)*3/2. Let p(a) = 2*a - 36. Let s be p(15). What are the prime factors of s/27 + (-110)/v?
2, 3
Let l be (-2 - -3)/(3 + -2). Suppose -4*v + 25 = z + l, -3*v = -2*z + 103. List the prime factors of z.
2, 11
Suppose -114*t + 59007 = -97*t. List the prime factors of t.
3, 13, 89
Let o = -180 + 445. What are the prime factors of o?
5, 53
Let u = 539 + -290. List the prime factors of u.
3, 83
Suppose k + 26 = -35. Let t = k - -93. What are the prime factors of t?
2
Let o(k) be the first derivative of -k**4/4 + 13*k**3/3 - 23*k**2/2 + 26*k - 19. List the prime factors of o(11).
3, 5
Let g(x) = x**3 - 8*x**2 + 13*x - 59. List the prime factors of g(13).
5, 191
Let m = 1003 - 598. List the prime factors of m.
3, 5
Let a = 9 - 9. Suppose 3*m - 41 + 5 = a. List the prime factors of 178/5 + m/(-20).
5, 7
Suppose 0*t - n = 3*t - 349, -2*t = 5*n - 237. Let a = -93 + t. What are the prime factors of a?
23
List the prime factors of (7 - 156/21) + (-1854)/(-14).
2, 3, 11
Suppose 0 = -38*z + 35*z - 120. What are the prime factors of (-3208)/z - 8/(-10)?
3
What are the prime factors of (78416/(-6))/(-8) - (-1)/3?
2, 19, 43
Suppose -4025 = -27*v + 22570. List the prime factors of v.
5, 197
Let p(u) = -u**2 + 13*u + 13. Let i be p(8). Let k = i + -13. List the prime factors of k.
2, 5
Suppose -4*u - 5*a + 136 = -5*u, -a + 3 = 0. Let p = -109 - u. What are the prime factors of p?
2, 3
Let p = -5 + 12. Let b = p + -7. Suppose -i - i + 38 = b. List the prime factors of i.
19
Let r(u) = 2*u**2 + u - 7. Let z = 9 + -12. Let w be r(z). What are the prime factors of 1/(-4) - (-362)/w?
3, 5
Let v(i) = -2*i**2 + 4*i + 3. Let l be v(3). List the prime factors of 2190/27 - -3*l/81.
3
Let d(h) = -h**2 + 5*h - 4. Let j(n) = -2*n**2 + 5*n - 4. Let g(x) = -3*d(x) + 2*j(x). Let f be g(-5). List the prime factors of 3 - (8 - f - 4).
3
What are the prime factors of (9/((-36)/(-1822)))/((-1)/(-2))?
911
Suppose 3*l = 12, -5*l = 3*y - 2*y - 140. Suppose -5*p + y = 6*w - w, w - 3*p = 16. What are the prime factors of w?
2, 11
Let o(u) be the second derivative of 29*u**5/10 + u**4/12 - 381*u. Let c be 1*-1*1/(-1). What are the prime factors of o(c)?
59
Let d(b) be the first derivative of b**2/2 + 5*b - 6. Let m be d(-5). Suppose m = 6*z + 32 - 344. List the prime factors of z.
2, 13
Let t(n) = 16*n + 50. Let l(h) = -3*h - 10. Let x(r) = -14*l(r) - 3*t(r). List the prime factors of x(-8).
2, 19
Let r be ((-10)/4)/5*299*-2. Let c = -179 + r. List the prime factors of c.
2, 3, 5
Let t = 361 - -2066. What are the prime factors of t?
3, 809
Let o(r) = -21*r**3 - r**2 - r - 1. Let l be o(-1). Suppose b + 9 = l. What are the prime factors of b?
11
Let q(d) = -d**3 - 38*d**2 + 84*d + 64. What are the prime factors of q(-41)?
1663
Let d(x) be the third derivative of x**5/20 + 7*x**3/6 - 8*x**2. Let i be d(6). Suppose -5*t + i = 4*g, t - 120 = -4*g - 3*t. List the prime factors of g.
5, 7
Let z = 20 - 20. Suppose 4*n + 2 - 158 = z. Suppose n = -4*c + 171. What are the prime factors of c?
3, 11
What are the prime factors of 3*-25*186/(-18)?
5, 31
Suppose 0 = -4*s - 2*l + 26, -5*s - 5*l + 0*l + 45 = 0. Suppose -s*p + 114 = -146. List the prime factors of p.
5, 13
Suppose 309 = 17*w - 14*w. What are the prime factors of w?
103
Let c = 909 + 1751. List the prime factors of c.
2, 5, 7, 19
Suppose 0*q = -2*q + 234. Let v = q - 59. What are the prime factors of v?
2, 29
Suppose -g + 202 = -67. Suppose -3*t - 112 - g = 0. Let q = -75 - t. What are the prime factors of q?
2, 13
Let s(v) = v + 3. Let p(g) = 2*g + 7. Let k(w) = 6*p(w) - 11*s(w). Let n be k(-4). Suppose 0 = n*i - 110 + 20. What are the prime factors of i?
2, 3
Let o be 66/3 + 14 + -11. Let i = 53 - o. What are the prime factors of i?
2, 7
Let c = -7 + 347. List the prime factors of c.
2, 5, 17
Let m(j) = 4*j**2 + 8*j - 9. Suppose -5*l + 3*l = 18. Let v be m(l). Suppose -b = 5*f - v, -2*b + 36 = f - 6*b. List the prime factors of f.
2, 3
Let t = 5 - 2. Suppose 0 = -4*j + b, -3*b + b = -5*j - t. List the prime factors of 3*(j + 110/6).
2, 29
Suppose 1178*k - 1176*k - 678 = 0. What are the prime factors of k?
3, 113
Suppose 78 = 8*n - 746. What are the prime factors of n?
103
Let o = -60 - -119. Let c = o + -36. What are the prime factors of c?
23
Suppose 3*l + 0 - 3 = 0. What are the prime factors of 10 - l - 0/9?
3
Suppose f - 84 = 3*x + 417, 982 = 2*f - x. What are the prime factors of f?
3, 163
Let r(t) = t**2 + 41*t - 244. List the prime factors of r(37).
2, 1321
Let g = -3371 - -7406. What are the prime factors of g?
3, 5, 269
Let o(r) = -r**3 + 25*r**2 + 19*r + 58. What are the prime factors of o(17)?
2693
What are the prime factors of 592*(-2 + 3) - 0/32?
2, 37
Suppose -5*x - h + 10980 = 0, -3*x - 5*h + 5112 = -1476. Suppose 13*w - x = -389. What are the prime factors of w?
139
Let c(z) = 27*z - 44. Let q be (-135)/(-21) - (90/(-35) + 2). What are the prime factors of c(q)?
5, 29
Let a be 6/4*(-10)/(-3). Suppose -5*h = 4*u - 755, 5*u + 21 = -a*h + 971. What are the prime factors of u?
3, 5, 13
Let b(l) = -47*l + 713. List the prime factors of b(-48).
2969
Let s = -2400 + 3466. What are the prime factors of s?
2, 13, 41
Let r be (1736/70)/((-4)/(-10)). Suppose 0*c - r = -2*c. What are the prime factors of c?
31
Let k = 7260 - 4607. List the prime factors of k.
7, 379
Let x(b) = b + 78. Let f be 1/7 + (-1)/7. Let d be x(f). Let h = d + -49. What are the prime factors of h?
29
Let q be -1 + 32/(-1 - 6/(-2)). Let z(c) = -c**3 + 5*c**2 + 8*c - 6. Let i be z(5). Let f = i - q. What are the prime factors of f?
19
Let k(x) = -41*x + 35. What are the prime factors of k(0)?
5, 7
Suppose 2*n + 7*v = 11*v + 1466, 0 = -2*n - 4*v + 1442. List the prime factors of n.
727
Let y = 492 - 364. List the prime factors of y.
2
Suppose 0 = 32*f - 6148 - 860. What are the prime factors of f?
3, 73
Let x = -46 - -76. Let q be (-8)/(-20) - 36/(-10). Suppose 3*h - 45 = -r, -r + q*h + 43 + x = 0. What are the prime factors of r?
3, 19
Let k(j) = 3*j - 143 - 3*j - 4*j + 140. Suppose 6 = 2*u + 24. List the prime factors of k(u).
3, 11
Let a(m) = -m**3 + 38*m**2 + 82*m + 37. List the prime factors of a(40).
3, 13
Let g be (-13 - 6/2)/(-2). Let r = g + -6. Suppose -r*i = -34 - 32. What are the prime factors of i?
3, 11
Let x = 50 - 30. Let s = x + -16. Suppose -s*r = -67 - 37. List the prime factors of r.
2, 13
Suppose -p = -c - 1051, -4*c + 35 - 15 = 0. List the prime factors of p.
2, 3, 11
Let g = 97 + -141. What are the prime factors of (-2296)/g + 2/(-11)?
2, 13
Let x be ((-24)/(-5))/((-9)/(-60)). Suppose w = x - 6. List the prime factors of w.
2, 13
Suppose 0*b + 2*b + 2*p = 4, p + 10 = 5*b. Suppose 0*i + 67 = 2*i - 5*s, -4*i + b*s + 110 = 0. List the prime factors of i.
2, 13
Let b be 27/5 + 2/(-5). Suppose -2*a + b*f + 64 = 0, 4*f = 6*a - 4*a - 66. List the prime factors of a.
37
Let v(y) = y**3 - 13*y**2 + 17*y - 50. What are the prime factors of v(17)?
3, 5, 31
Suppose -8*y + 36 = 4. Suppose -5*h - 5*o + 197 - 37 = 0, -3*o - 93 = -y*h. What are the prime factors of h?
3
Suppose 0*x - 4 = 2*x. Let a be (-5)/x*(2 + 0). Suppose o + o = -5*n + 90, 0 = -a*n + 2*o + 70. What are the prime factors of n?
2
Let q = -3 - -11. Let k(z) = z + 4. Let b(j) = j + 8. Let m(p) = -2*b(p) + 5*k(p). List the prime factors of m(q).
2, 7
Let q = -2 + 27. Suppose q = 2*g - 75. List th